e -2*n - p - 6 - 2 = 0, 5*p + 12 = 4*n. Let u be 3/(n - 93/(-45)). What is the highest common factor of u and w?
15
Let q = 1723 - 1209. Let v = 899 - q. What is the highest common divisor of 77 and v?
77
Suppose 9*a - 3*t - 6 = 4*a, -a - 3*t - 6 = 0. Suppose a = 2*d + 16*d - 1818. Suppose -38 + d = 3*n. What is the greatest common factor of 28 and n?
7
Let u be 16/24 + (-10 - 1666/(-21)). What is the highest common divisor of u and 50?
10
Suppose 14858 = -25*f + 59*f. What is the highest common factor of f and 399?
19
Let q(v) = -1 + 1 + 0 + 14*v + 1. Let b be q(3). Let x = b + -33. Calculate the highest common factor of x and 25.
5
Let h(w) = -9*w**3 - 62*w**2. Let f be h(-8). Let g = f - 328. What is the highest common factor of g and 52?
52
Let s = 3226 - 3178. Calculate the greatest common divisor of s and 4880.
16
Let g = -112 + 308. Let s be (-1)/(-5)*g*(0 - -5). Suppose -558 = -13*w + s. What is the greatest common divisor of 87 and w?
29
Let w be 6 + -4 - -1 - -2. Suppose 5*f - 25 = 5*t, -3*t = -2*f - 5 + 17. Let q be (4/12)/1*f. What is the greatest common divisor of w and q?
1
Let h be (2/(-6))/((-4)/12)*0. Suppose 5*u = -5*p + 960, 5*p - 2*u - 534 - 412 = h. Suppose -6*c + 1 = -59. What is the greatest common divisor of c and p?
10
Let w(u) = 7*u**2 + 103*u - 12. Suppose 112 + 126 = -14*g. Let m be w(g). Calculate the greatest common factor of 52 and m.
52
Suppose -9*s + 3 = -12*s. Let n be (0 + -2 + -19)/s. Suppose 0 = -3*q - 3*h + 771, -3*h = -3*q + 281 + 460. What is the greatest common factor of q and n?
21
Let c be (-6)/45 - (-7634)/330. Let i = -278 - -279. Calculate the greatest common factor of i and c.
1
Suppose -3*o + 148 = 3*v - 77, 2*o - 3*v = 110. Calculate the highest common factor of o and 469.
67
Let h(z) be the second derivative of -17*z**3/2 - 283*z**2/2 - 140*z + 1. Let f be h(-7). Calculate the highest common factor of f and 185.
37
Let b = -139 + 171. Let c be (0 - (-54 + 0))*b/48. Calculate the greatest common divisor of 270 and c.
18
Suppose 18*q - 10*q = 0. Suppose 32*n - 33*n + 395 = q. What is the greatest common divisor of n and 158?
79
Let x = -2540 + 2534. Let f(a) be the first derivative of -3*a**2/2 - 7*a - 3. Let p be f(x). Calculate the highest common divisor of p and 77.
11
Suppose 5*k - 4*a + 0*a - 2161 = 0, 0 = -3*a - 12. Let f be 9/(-6)*(4 - (-22)/(-3)). Suppose -f*b = -3*b - 78. Calculate the greatest common factor of k and b.
39
Suppose f = 3*f - 14. Suppose -2 = -9*z + f*z. Let s = z + 22. Calculate the highest common factor of 23 and s.
23
Let t be 1040/40 - 18 - (-10 + 0). Let q be (-63)/(-6)*(-96)/(-14). What is the highest common factor of t and q?
18
Suppose 4*o + 45 = 5*o. Let g(r) = r**3 - 28*r**2 + 59*r + 27. Let y be g(25). Let z = -58 - y. What is the highest common factor of o and z?
45
Suppose -60*w + 112320 = 100*w. Calculate the greatest common factor of 676 and w.
26
Suppose 749 - 642 = -30*t + 6107. Let g = -51 - -171. Calculate the greatest common factor of g and t.
40
Let z = -6512 + 6516. Calculate the greatest common factor of 582 and z.
2
Let r(i) = 14*i**2 - 17*i + 2. Let s = 287 + -285. Let p be r(s). Suppose -a = 4*a - 120. Calculate the highest common divisor of a and p.
24
Let p = 1637 - 2753. Let h = -990 - p. Calculate the greatest common divisor of 105 and h.
21
Suppose -2*i - 3*t = -159, -11*i + 5*t = 3*i - 983. Calculate the greatest common factor of i and 768.
24
Suppose 352*v = 2228326 + 3421626. Calculate the highest common divisor of 7 and v.
7
Let b = 3585 - 3561. What is the highest common divisor of b and 114?
6
Let p(t) = -17*t + 46. Let a be p(-8). Suppose -n + 4*n = 42. Calculate the highest common divisor of n and a.
14
Let i(c) = 63*c - 856. Let x be i(26). What is the greatest common factor of 170 and x?
34
Let x be -3 + (-1 - -2)*5. Let h(m) = 5*m**3 - 5*m**2 + 3*m. Let q be h(x). Let f(y) = -y + 26. Let n be f(0). Calculate the highest common factor of q and n.
26
Let a = -3996 - -4981. What is the highest common divisor of a and 10?
5
Suppose -5*j - 7140 = -b - 4*b, -4*b + 5698 = -2*j. What is the greatest common divisor of 609 and b?
203
Suppose 0 = 26926*p - 26957*p - 4157 + 21052. Calculate the greatest common divisor of p and 218.
109
Suppose 28*k - 2555 = 4*k - 467. Calculate the greatest common factor of 9 and k.
3
Let a be (-1 + 11)/((-10)/(-95)). Let j(v) = 2*v + 19. Let c be j(31). Let m = 100 - c. Calculate the greatest common divisor of m and a.
19
Let z be 108/21 + (-3)/21. Suppose 654 = z*p + b, 5*p + 18*b - 14*b - 666 = 0. What is the greatest common divisor of 26 and p?
26
Let y be (40/5)/(112/2436). Let t be (-4)/8*-18 + -3. What is the greatest common divisor of t and y?
6
Suppose o + 5*i - 43 = -14, -2*o = -3*i + 7. Let j(b) = 7*b - 2. Let g be j(o). Calculate the highest common factor of 598 and g.
26
Let q(t) = -9*t**3 + 2*t**2 + 4. Let c be q(3). Let i = 229 + c. What is the greatest common divisor of i and 8?
8
Suppose -5 = 5*b, -83*b = t - 84*b - 2. What is the greatest common divisor of 4823 and t?
1
Let t(p) = -p**3 + 14*p**2 + 20*p - 319. Let v be t(12). Calculate the highest common divisor of 152 and v.
19
Suppose 7 = 8*f - 17. Suppose u - d = 82, -f*d = -4*u - 4*d + 348. What is the greatest common factor of u and 43?
43
Let q be 3 - (-4 + -20)/((-4)/(-8)). Let t = q - 49. Let s = 12 + 10. Calculate the greatest common divisor of t and s.
2
Suppose -55 = -h + 1. Let s = h - 25. Let x = s + -3. What is the highest common factor of x and 42?
14
Let i(o) = -3*o**2 - 136*o + 1608. Let v be i(-55). Suppose 0*c + 2*c = 1014. Calculate the greatest common factor of v and c.
13
Suppose 17*m = 4*s + 19*m - 2098, 0 = 2*s - 2*m - 1052. Let o be (s/28)/5*(-176)/(-6). What is the highest common divisor of o and 20?
10
Suppose 9*v + 656 = 13*v. Let b = v - 158. Let l(u) = -u. Let t be l(-9). Calculate the highest common divisor of b and t.
3
Suppose 266 = 7*x + 14. Suppose -2*b - 5*b - 84 = 0. Let i = x + b. Calculate the greatest common divisor of i and 60.
12
Suppose 0 = 3*g - g - 162. Suppose 4*s = 2*w - 26, -23 = -68*w + 65*w - 2*s. What is the highest common divisor of w and g?
9
Let h be (-53 - 13)/(-11) - 2/2. Calculate the greatest common factor of h and 95.
5
Suppose -692 = -2*t - 688. Let w(n) = n - 1. Let r be w(3). Suppose t*l - 45 = -r*i - 3*l, 0 = 2*i - l - 27. What is the highest common divisor of 3 and i?
3
Suppose 0 = 38*p - 15843 - 1443775. What is the highest common factor of 71 and p?
71
Suppose 4*z = -8*z + 3144. Suppose -p - z + 640 = 0. What is the greatest common factor of p and 14?
14
Suppose -3*g + 15 - 14 = 5*z, -z - 7 = 3*g. Let v be (-12 - g - -3)*(-212)/24. Calculate the highest common factor of v and 212.
53
Let h = 511 - 512. Let p(i) = i**3 - 5*i**2 + i - 2. Let x be p(5). Let y be 11 + 12/x - h. What is the highest common factor of 96 and y?
16
Let l = -137 + 297. Suppose -q + 8 + 8 = 4*t, -t = -3*q + 9. Suppose 9 = t*x - 39. Calculate the greatest common divisor of x and l.
16
Let o = 81 + -77. Let l(z) = -z + 16. Let u be l(o). Let c(r) = r**3 + 7*r**2 - 12*r - 8. Let f be c(-8). What is the greatest common divisor of u and f?
12
Let z be (-5*310/50)/((-1)/((-19)/(-1))). Calculate the greatest common divisor of 38 and z.
19
Suppose 7 = -l + 10, 0 = r + l - 75. Calculate the highest common factor of 144 and r.
72
Let k(r) = 8*r**2 - 801*r + 3219. Let f be k(4). Calculate the highest common factor of f and 2210.
13
Let r be (2/(-4))/(7 - 22495/3212). What is the highest common factor of r and 2263?
73
Let n be (11/3)/(11/561). What is the highest common factor of 66 and n?
11
Let h(r) = 41*r**2 + 67*r - 221. Let c be h(4). Calculate the greatest common divisor of c and 259.
37
Let r(s) be the first derivative of 209*s**2/2 + s + 28. Let m be r(-1). Let z = m + 351. What is the highest common factor of 13 and z?
13
Let b be 587/9 + (-4)/18. Suppose 0 = -22*h - 3*h - 3100. Let a = h + 137. What is the greatest common factor of b and a?
13
Suppose 14*w + 13*w - 59419 = 62675. Calculate the highest common factor of w and 357.
119
Let o(h) = -11*h + 3. Let j be o(-9). Let b be ((-8)/28)/((-2)/28) - -234. Calculate the greatest common factor of b and j.
34
Let j(v) = -v**3 - 5*v**2 + 11*v - 67. Let u